actors of c?
19
Suppose 5*l + 1 = 6. What are the prime factors of l + 1 + -6 - -50?
2, 23
Suppose 15 = 7*n - 2*n. Let y(t) = -8*t - 5. Let o(p) = -7*p - 4. Let i(c) = -4*o(c) + 3*y(c). What are the prime factors of i(n)?
13
Suppose -5*m + 220 = -5*d, -4*d - 13 = -1. What are the prime factors of m?
41
Suppose 10 = -3*j - 2*j. Let p be (-48)/(-26) - j/13. Suppose 11 + 11 = p*g - 5*n, -5*g + 4*n = -72. List the prime factors of g.
2
Let a be (-63)/(-5) - 4/(-10). Let z = a - 10. Suppose -31 = -5*v + z*f, f + 2*f + 6 = 0. What are the prime factors of v?
5
Suppose 2*c - 1 = 11. Let z be (-8)/12 - 2/c. What are the prime factors of (2/3)/(z/(-6))?
2
Let j(d) = -d**2 + 13*d - 6. List the prime factors of j(9).
2, 3, 5
Let k(b) = 2*b**3 + b**2. Let n be k(-1). Let o(d) = -6*d - 1. What are the prime factors of o(n)?
5
Let s be (0 + -1)*(6 + -18). Suppose 0 = 5*w + 3*r - s, 3*w - w + r - 5 = 0. List the prime factors of w.
3
Let g(a) = 3*a**2 - 6*a - 9. Let z(r) = -r**2 + 2*r + 3. Let u(i) = -6*g(i) - 17*z(i). Let j be u(3). Let o = 2 + j. What are the prime factors of o?
2
Let q be (-3)/(3/165*-3). Suppose -j - n + 20 = 0, 0*n + 3*n + q = 2*j. List the prime factors of j.
23
Let h = -43 + 65. What are the prime factors of h?
2, 11
Let v(p) = -5*p + 1. Let c be (-40)/(-50)*(-5)/1. What are the prime factors of v(c)?
3, 7
Let t(r) = r + 1. Let b(n) = -2*n + 5. Let w(o) = -b(o) + 2*t(o). Suppose -4*x + 4*u + 4 = 0, -2*u + 0 = -4. List the prime factors of w(x).
3
List the prime factors of 3*(2 + (-94)/(-3)).
2, 5
Let m be (-6 + -3 - 1)/1. What are the prime factors of m*2*(-4)/8?
2, 5
Suppose 3 = d - 3. List the prime factors of d.
2, 3
Let n(j) = j**3 + 12*j**2 + 8*j + 12. Let d be n(-10). Suppose z + z + d = -4*a, 51 = -z - 5*a. List the prime factors of (-10)/15 - z/6.
2, 3
Let r = -2 - 1. What are the prime factors of (-2 + r)*-8*1?
2, 5
List the prime factors of 1*-15*(19 + -20).
3, 5
Let p = -9 + 12. Suppose 30 = p*j - 4*d + 4, -60 = -4*j - d. List the prime factors of j.
2, 7
Let l = 45 + -24. List the prime factors of l.
3, 7
Suppose 117 = 4*m + 3*r - 40, -4*m - 4*r = -160. List the prime factors of m.
37
Suppose -11*u = -7*u - 4. Suppose -3*j + 45 = 4*a, 6*j - j - a - 52 = 0. Let n = u + j. What are the prime factors of n?
2, 3
Let x(j) = -j**2 - 7*j - 7. Let f be x(-5). Suppose 3*d - 3 = f*i - 27, -4*d - 3*i - 18 = 0. Let z = d + 14. List the prime factors of z.
2
Suppose 4*a + 5*y + 31 = 0, 0 = 5*a + 5*y + 27 + 13. Let m(u) = -u**2 - 9*u + 2. What are the prime factors of m(a)?
2
Let v be 4/10 + 32/20. Let l = v + 2. Let q(i) = -i + 6. List the prime factors of q(l).
2
Let u be (-1)/(-2*(-3)/(-1686)). Suppose -5*v - 66 = -u. What are the prime factors of v?
43
List the prime factors of (-1 + -3)/((-8)/212).
2, 53
Let m = 107 + -75. Suppose -w + 29 = -d + 4*w, w = 2. Let p = d + m. List the prime factors of p.
13
Let h = -7 - -10. Suppose -3 - 3 = -h*m. Suppose 0 = -2*c + q + 11, m*c - 19 = -q - 6. List the prime factors of c.
2, 3
Suppose -55 = 3*p - 1. Let j = -3 - p. List the prime factors of j.
3, 5
Suppose -2*a - 3*a = -30. Suppose -a*r + 3*r + 12 = 0. List the prime factors of r.
2
Suppose -41 - 25 = -2*b. What are the prime factors of b?
3, 11
Suppose -10 = -4*t + 2*t. Suppose t*v - 191 = -1. Suppose 5*q - v = 7. List the prime factors of q.
3
Suppose -4*i + 6 + 10 = 0. List the prime factors of (0 - 4)*i/(-4).
2
Let z(n) = 2*n**2 + 11*n + 3. Let t(b) = b**2 + 6*b + 2. Suppose 4*r = 10 + 2. Let h(y) = r*z(y) - 7*t(y). List the prime factors of h(-8).
3
Let l(y) be the second derivative of -y**5/20 - 5*y**4/6 - 5*y**3/3 + 9*y**2/2 + 3*y. List the prime factors of l(-9).
2, 3
Suppose 2*x - 15 = -3*x. Suppose -x = -3*y + 12. What are the prime factors of y?
5
Suppose -4*z + 3*n - 12 = 0, -3*n = -4*z - 5*n + 8. Suppose z = -3*a + 12 + 9. What are the prime factors of a?
7
Let q = 269 - 185. List the prime factors of q.
2, 3, 7
Let i = -14 - -10. What are the prime factors of (16/12)/(i/(-18))?
2, 3
Let b be 21/15 - (-6)/(-15). Let y = b - 0. List the prime factors of y/(-6) + (-196)/(-24).
2
What are the prime factors of -5 + 6 - (-3 + 1)?
3
Let c = -239 - -339. What are the prime factors of c?
2, 5
Suppose 0 = 9*r + 46 - 172. List the prime factors of r.
2, 7
Let a(v) = v + 16. Suppose 0 = -m - 6 - 6. What are the prime factors of a(m)?
2
Let b(i) = i**3 - i**2 + 5*i - 9. What are the prime factors of b(5)?
2, 29
List the prime factors of (-10)/(-6)*3*13.
5, 13
Let n(i) = -i**2 - i. Let q(p) = 4*p**2 + 4*p + 4. Let a(b) = 3*n(b) + q(b). What are the prime factors of a(3)?
2
Let h(u) = u**2 + 3*u - 12. Let v = 1 - -5. What are the prime factors of h(v)?
2, 3, 7
Let g(o) = 2*o**3 + 6*o**2 + 4*o. Let t be g(-4). Let v = -28 - t. List the prime factors of v.
2, 5
Let u = -44 - -74. Suppose 3*h = 5*d + u, -4*h + d + 40 = 4*d. List the prime factors of h.
2, 5
Suppose 4*j + 1 - 17 = 0. Suppose 3*g - x - x = 80, -5*g + j*x + 136 = 0. List the prime factors of g.
2, 3
Let r(m) = -3*m - 9. What are the prime factors of r(-6)?
3
Suppose 3*q = -14 + 44. List the prime factors of q.
2, 5
Suppose 0*z + 190 = 2*z. List the prime factors of z.
5, 19
Let s(b) = b**2 - 4*b - 3. Let h be s(7). Suppose -32 = -2*w - 3*p, -4*p + 54 = 2*w + h. What are the prime factors of w?
2, 5
Let k = -27 + 64. What are the prime factors of k?
37
List the prime factors of (-5598)/(-9)*(-1)/(-2).
311
Let b(w) = 2*w**3 - 9*w**2 + 6*w - 11. Let q be b(8). Suppose -5*s + 5*n + q = 2*n, -4*s + n = -395. Suppose -y - s = -6*y. What are the prime factors of y?
2, 5
Let c = 11 - 8. Suppose c*m - 2 - 7 = 0. Suppose m*q - 3*p = 2*p + 30, -4*q - 4*p = -40. List the prime factors of q.
2, 5
Suppose -5*r - 2 + 37 = 0. What are the prime factors of r?
7
Let c = -8 - -11. Let n = c - 9. Let v = n - -15. List the prime factors of v.
3
Let f = -14 - -8. Let o = 2 - -7. Let j = f + o. List the prime factors of j.
3
Let n = -1 - -4. Suppose n*d + 10 = -32. List the prime factors of (-8)/(-28) + (-178)/d.
13
Let z(n) = -n**2 + n + 4. Let p be z(0). Suppose -k - 3*k + p*a = -68, -5*k + 4*a + 88 = 0. List the prime factors of k.
2, 5
Let d = -29 - -32. Suppose -272 = -2*q - 2*q. Suppose 4*v - q = 4*l, -5*v + 56 = d*l - 61. List the prime factors of v.
3, 7
Suppose -q - 5*m + 414 = 0, -5*q + 7*q = 2*m + 804. What are the prime factors of q?
2, 101
Suppose -k + 3 + 6 = 0. List the prime factors of k.
3
Let w(r) = -r**2 + 5*r. Let m be w(3). Suppose 0 = -4*n + 42 - m. What are the prime factors of n?
3
Let t be (-2)/(-8) - (-14)/8. Suppose 3*p - 13 = t. Suppose a - 3 = p. What are the prime factors of a?
2
Suppose -b - b + 8 = 0. Suppose 3*g - 3*p = g + 89, 3*g + b*p = 108. Let x = g + -28. What are the prime factors of x?
2, 3
Suppose 2*j + 7*v = 3*v + 196, 0 = -4*j + 2*v + 382. What are the prime factors of j?
2, 3
Let o = 64 - 47. List the prime factors of o.
17
Suppose -3*n = 3*t - 6 - 0, 0 = 2*t + n. What are the prime factors of ((-17)/t)/((-4)/(-8))?
17
Suppose 5*b - 5*v = 10, 2*v = -b + 6*b - 4. List the prime factors of 1 + 2*(1 - b).
3
Let t(b) = b**2 - b - 4. Let n be t(4). Let f = 18 - n. What are the prime factors of f?
2, 5
Suppose -3*v + v - 4*l = -52, -86 = -3*v - 2*l. What are the prime factors of v?
2, 3, 5
Let b = -5 - 3. Let h be b/6*(-66)/4. Suppose 4*i - 60 = 4*t, 5*t + 1 = -3*i + h. What are the prime factors of i?
2, 3
Let q(l) = -l - 1. Let a be q(-1). Let j(t) = -8*t**2 + 11*t**2 + 4*t**3 + a - 3*t**3 - 3 - 4*t. What are the prime factors of j(-2)?
3
List the prime factors of (5 - 1)/(-4) + 2 + 95.
2, 3
Suppose -5*u + x + 8 = 0, -u + 2*u + 5*x = 12. Let o be u/(-8) - 65/(-20). Suppose 0 = -o*y + 2*y + 9. What are the prime factors of y?
3
What are the prime factors of (9/(-18))/(2/(-92))?
23
Suppose 12*z = 457 - 97. What are the prime factors of z?
2, 3, 5
Let j(t) = -t**2 - t + 2. Let u be j(2). What are the prime factors of 52/20 - u/10?
3
Suppose -181 = -5*o + 199. Suppose -2*s + o = 6. List the prime factors of s.
5, 7
Suppose -4*s = -3*d + 46 - 8, 0 = 3*d + 5*s - 74. List the prime factors of d.
2, 3
Let y(i) = -4*i - 2 + 0*i + 4*i**2 + i. What are the prime factors of y(3)?
5
Suppose 4*k - k - 1255 = -5*h, 3*k = h - 251. List the prime factors of h.
251
List t